(w) = -301*w + 6976. Give i(24).
-248
Let a(s) = 14*s**3 + 79*s**2 - 148*s - 699. Determine a(-6).
9
Let q(r) = -11*r**2 - 457*r + 11328. What is q(-59)?
0
Let v(k) = -8071*k + 48415. Give v(6).
-11
Let t(i) = 2*i**3 + 650*i**2 - 732*i - 26079. Calculate t(-326).
1
Let u(x) = -561*x**3 - 4496*x**2 - 67*x + 18. What is u(-8)?
42
Let l(r) = 3705*r + 85365. What is l(-23)?
150
Let c(l) = l**3 + 30*l**2 + 128*l + 1943. Give c(-28).
-73
Let x(a) = a**2 + 15663*a - 7184612. What is x(446)?
2
Let l(p) = 5031*p + 4371936. Calculate l(-869).
-3
Let y(a) = -25*a**2 - 449*a - 1794. Determine y(-6).
0
Let a(g) = g**3 + 121*g**2 + 2998*g - 1214. What is a(-86)?
-182
Let d(c) = 12746*c - 2307022. Calculate d(181).
4
Let t(b) = 123*b**2 + 693*b + 134. Calculate t(-6).
404
Let i(b) = 2*b**2 - 11153*b - 426703. Determine i(-38).
-1
Let h(k) = -58155*k + 639632. Determine h(11).
-73
Let s(j) = -j**2 + 4047*j + 474346. What is s(-114)?
-8
Let n(k) = 1373*k + 160639. Determine n(-117).
-2
Let h(u) = -22378*u + 88914. Determine h(4).
-598
Let x(g) = 1755*g + 1836. Calculate x(-1).
81
Let q(f) = 956343*f + 5738058. Give q(-6).
0
Let n(l) = -3986*l + 243136. What is n(61)?
-10
Let s(h) = 1761*h - 774587. What is s(440)?
253
Let r(j) = -490*j**2 - 88*j + 76. Give r(1).
-502
Let j(h) = h**2 - 1116*h - 22763. Determine j(-20).
-43
Let b(c) = -c**2 - 675*c + 18918. What is b(27)?
-36
Let s(j) = -j**3 - 115*j**2 - 99*j + 1446. Calculate s(-114).
-264
Let g(j) = 38718*j + 503424. Determine g(-13).
90
Let t(u) = -u**3 + 2*u**2 + 765*u - 91. Determine t(0).
-91
Let y(s) = 180*s - 2301. Determine y(12).
-141
Let n(b) = 16273*b - 276648. Determine n(17).
-7
Let q(c) = -29492*c + 58954. What is q(2)?
-30
Let u(w) = 1896*w - 104446. Give u(55).
-166
Let d(w) = 3*w**3 - 8*w**2 - 3*w + 241. Give d(8).
1241
Let z(n) = 14*n**2 + 669*n + 6280. Determine z(-38).
1074
Let i(d) = -5*d**3 + 14*d**2 - 109*d + 506. Calculate i(4).
-26
Let k(f) = -26963*f + 646928. Determine k(24).
-184
Let s(i) = -5*i**3 + 1663*i**2 + 11893*i + 55. Give s(-7).
6
Let x(i) = -13*i**3 + 27*i**2 - 178*i + 372. Calculate x(5).
-1468
Let z(i) = -2*i**3 - 19*i**2 - 78*i + 97. Give z(1).
-2
Let d(p) = 85*p - 7643. Determine d(87).
-248
Let r(k) = 7904*k + 47219. Determine r(-6).
-205
Let s(p) = 3569*p + 196383. What is s(-55)?
88
Let h(m) = m**2 - 1227*m + 30661. Give h(24).
1789
Let c(b) = b**3 - 56*b**2 + 285*b - 167. Give c(50).
-917
Let o(c) = 203*c**2 + 1817*c - 123. Give o(-9).
-33
Let f(v) = -47*v**2 - 12474*v + 7457. Calculate f(-266).
9
Let m(p) = -30*p**2 - 2204*p - 521. Determine m(-73).
501
Let k(r) = 421286*r + 29068744. Determine k(-69).
10
Let l(b) = -b**2 + 58112*b - 10369997. Determine l(179).
10
Let u(f) = 75024*f - 825252. Determine u(11).
12
Let c(z) = -42*z**2 - 12*z + 37. Calculate c(3).
-377
Let f(a) = -322*a**2 + 573*a - 1158. What is f(2)?
-1300
Let v(l) = -l**3 - 36*l**2 + 39*l + 319. Calculate v(-37).
245
Let i(d) = -14268*d - 28725. Determine i(-2).
-189
Let c(j) = 1235*j + 32128. Give c(-26).
18
Let l(m) = 3*m**2 + 6229*m + 473412. Give l(-79).
44
Let i(d) = -1407744*d + 1407736. Give i(1).
-8
Let n(i) = 2*i**2 - 588*i - 5402. What is n(-9)?
52
Let a(f) = -f**3 + 399*f**2 + 431*f - 12357. Determine a(400).
43
Let j(r) = -13*r**3 - 5*r**2 - 59*r - 79. What is j(-2)?
123
Let y(d) = -2*d**3 - 419*d**2 + 1740*d - 120. Give y(4).
8
Let b(a) = 4*a**2 + 397*a + 2662. Calculate b(-92).
-6
Let a(t) = 503*t**2 + 305322*t + 603. What is a(-607)?
-4
Let g(f) = 2*f**3 - 193*f**2 - 1921*f + 81505. Give g(102).
7
Let f(z) = -2*z**2 + 383*z + 1457. Determine f(200).
-1943
Let r(g) = -1080*g - 3246. Determine r(-3).
-6
Let u(x) = 34928*x**2 - 943057*x + 29. What is u(27)?
2
Let x(i) = -2646*i - 298995. Give x(-113).
3
Let h(c) = -3562*c + 726641. What is h(204)?
-7
Let h(w) = 684*w + 858. Calculate h(-2).
-510
Let n(a) = 11*a**3 - 336*a**2 + 1867*a - 16. Determine n(6).
1466
Let m(b) = -3*b**2 - 2026*b - 175907. Give m(-573).
4
Let s(a) = 84*a - 779. What is s(12)?
229
Let c(x) = -x**2 + 35219*x + 140880. Determine c(-4).
-12
Let w(h) = 3*h**3 - 223*h**2 + 88*h - 1732. What is w(74)?
-696
Let f(t) = 2968*t**2 + 2836*t + 5. What is f(-1)?
137
Let o(v) = 37162*v - 557439. Calculate o(15).
-9
Let z(v) = v**3 + 2*v**2 + 11*v - 112. What is z(5)?
118
Let z(m) = m**2 - 354*m - 5917. Determine z(-16).
3
Let j(t) = -12570*t + 301639. Calculate j(24).
-41
Let s(h) = h**2 + 299*h + 2688. Calculate s(-297).
2094
Let j(z) = 7023*z + 49197. Calculate j(-7).
36
Let j(x) = -6*x**2 + 400*x + 1935. Determine j(71).
89
Let q(p) = -p**2 + 1338*p - 411474. Determine q(479).
-13
Let t(i) = -1772*i + 148841. Determine t(84).
-7
Let u(g) = -g**3 + 1637*g**2 - 27540*g + 9. Give u(1620).
9
Let w(m) = -7*m**2 - 341*m + 417266. Give w(221).
18
Let l(j) = 12*j**2 + 2080*j + 89597. Determine l(-80).
-3
Let x(w) = -26640*w - 6819834. Give x(-256).
6
Let t(w) = -61314*w + 797089. Give t(13).
7
Let l(z) = 9046*z - 81577. Calculate l(9).
-163
Let d(l) = 7*l**2 + 10*l - 2186. What is d(17)?
7
Let m(v) = 2*v**3 + 145*v**2 - 2934*v + 1153. Determine m(-89).
886
Let h(g) = -g**3 + 13*g**2 - 99*g + 1538. What is h(13)?
251
Let o(a) = -8589*a + 1211052. What is o(141)?
3
Let z(b) = 2*b**3 + 17*b**2 - 201*b - 476. Calculate z(-2).
-22
Let m(v) = -857421*v - 1714844. Give m(-2).
-2
Let f(i) = -13*i**3 - 16*i**2 + 63*i + 38. What is f(4)?
-798
Let q(m) = 2496*m - 878575. Determine q(352).
17
Let u(l) = 2*l**3 - 299*l**2 - 149*l - 149. Calculate u(150).
1
Let y(u) = 2*u**3 - 46*u**2 - 3*u + 792. Give y(22).
-242
Let t(k) = 10*k**2 - 3052*k - 8624. Determine t(308).
0
Let q(c) = -2*c**3 + 39*c**2 + 212*c + 3275. What is q(26)?
-1
Let r(l) = -54*l**2 - 18676*l + 2738. Give r(-346).
-30
Let s(v) = -9*v**2 + 27*v + 160. Determine s(-7).
-470
Let f(w) = -30353*w + 728478. Calculate f(24).
6
Let z(n) = -9*n**2 + 4284*n + 17141. What is z(-4)?
-139
Let r(y) = -3*y**2 - 1184*y + 10894. What is r(9)?
-5
Let t(g) = -8885*g - 577781. What is t(-65)?
-256
Let v(m) = m**3 - m**2 + 32*m - 32. Give v(10).
1188
Let i(a) = -a**3 - 49*a**2 - 820*a - 26390. Calculate i(-44).
10
Let j(n) = -n**3 - 96*n**2 - 904*n - 315. Give j(-85).
-2950
Let f(l) = 2492*l - 7036. Calculate f(3).
440
Let o(j) = -5*j**2 + 192*j + 1233. Give o(44).
1
Let z(g) = 2519*g - 27787. Give z(11).
-78
Let c(l) = -55*l**2 + 987*l + 3363. What is c(21)?
-165
Let n(h) = -6226*h - 54899. Calculate n(-9).
1135
Let t(u) = 20*u**2 + 5679*u - 102647. Give t(-301).
-6
Let l(p) = -p**2 + 159*p - 2723. Determine l(140).
-63
Let a(g) = -3*g**2 + 5315*g - 115484. Determine a(22).
-6
Let a(b) = 3*b**2 - 3396*b + 23734. What is a(7)?
109
Let d(p) = 94*p + 1364. What is d(-18)?
-328
Let t(w) = w**3 - 25*w**2 - 26*w - 811. Give t(27).
-55
Let a(d) = -16*d**3 + 3089*d**2 - 166*d - 5467. What is a(193)?
-256
Let r(o) = -20133*o + 161079. What is r(8)?
15
Let w(h) = 3*h**2 + 11099*h - 33294. Give w(3).
30
Let c(o) = 109*o - 28952. What is c(271)?
587
Let s(m) = 2*m**2 + 1696*m + 15063. Calculate s(-9).
-39
Let r(l) = 2845*l + 1345687. Give r(-473).
2
Let l(k) = 42*k**2 + 2312*k + 8615. Determine l(-4).
39
Let h(d) = 11446*d - 34359. Give h(3).
-21
Let d(m) = m**3 + 58*m**2 + 840*m - 78. Determine d(-28).
-78
Let u(f) = f**3 - 249*f**2 - 799*f + 74537. Calculate u(251).
-10
Let y(z) = -3*z**3 - 12*z**2 + 218*z - 7. Calculate y(0).
-7
Let n(d) = -329*d**2 - 36009*d + 72016. What is n(2)?
-1318
Let c(n) = -n**2 + 6792*n + 232096. Give c(-34).
12
Let f(j) = -28*j**2 + 670*j - 2669. Calculate f(4).
-437
Let f(l) = 50*l**2 - 2199*l + 23727. Calculate f(25).
2
Let a(v) = -23459*v + 187815. What is a(8)?
143
Let o(j) = -46*j**2 + 3997*j + 716. Calculate o(87).
281
Let b(x) = 9867*x + 88802. Calculate b(-9).
-1
Let i(k) = -459*k**2 + 78*k - 10. Calculate i(1).
-391
Let p(v) = 1283*v + 21133. What is p(-12)?
5737
Let z(o) = 1229*o - 415374. What is z(338)?
28
Let x(k) = k**3 - 9*k**2 - 95*k + 1302. Determine x(17).
1999
Let i(f) = -2827*f - 10130. Determine i(-4).
1178
Let p(r) = 38*r**2 + 951*r - 197. Calculate p(-24).
-1133
Let r(l) = -17*l**2 + 3026*l + 512. Calculate r(178).
512
Let b(q) = -2557*q - 135517. What is b(-53)?
4
Let o(s) = -156*s**2 + 77*s + 3. Determine o(1).
-76
Let m(c) = 5257*c + 1025124. Deter